{"id":13,"date":"2018-10-01T21:13:57","date_gmt":"2018-10-01T21:13:57","guid":{"rendered":"http:\/\/armbrecht.xn--sv-ltgenrode-glb.de\/?page_id=13"},"modified":"2018-11-03T12:08:33","modified_gmt":"2018-11-03T12:08:33","slug":"ueber-uns","status":"publish","type":"page","link":"https:\/\/sv-armbrecht.de\/?page_id=13","title":{"rendered":"\u00dcber uns"},"content":{"rendered":"<h6 style=\"text-align: center;\"><a href=\"https:\/\/sv-armbrecht.de\/wp-content\/uploads\/2018\/11\/IMG_7009.jpg\"><img decoding=\"async\" loading=\"lazy\" class=\"size-medium wp-image-157 alignnone\" src=\"https:\/\/sv-armbrecht.de\/wp-content\/uploads\/2018\/11\/IMG_7009-300x200.jpg\" alt=\"\" width=\"300\" height=\"200\" srcset=\"https:\/\/sv-armbrecht.de\/wp-content\/uploads\/2018\/11\/IMG_7009-300x200.jpg 300w, https:\/\/sv-armbrecht.de\/wp-content\/uploads\/2018\/11\/IMG_7009-768x512.jpg 768w, https:\/\/sv-armbrecht.de\/wp-content\/uploads\/2018\/11\/IMG_7009-1024x683.jpg 1024w\" sizes=\"(max-width: 300px) 100vw, 300px\" \/><\/a><a href=\"https:\/\/sv-armbrecht.de\/wp-content\/uploads\/2018\/11\/IMG_7022.jpg\"><img decoding=\"async\" loading=\"lazy\" class=\"alignnone size-medium wp-image-158\" src=\"https:\/\/sv-armbrecht.de\/wp-content\/uploads\/2018\/11\/IMG_7022-300x200.jpg\" alt=\"\" width=\"300\" height=\"200\" srcset=\"https:\/\/sv-armbrecht.de\/wp-content\/uploads\/2018\/11\/IMG_7022-300x200.jpg 300w, https:\/\/sv-armbrecht.de\/wp-content\/uploads\/2018\/11\/IMG_7022-768x512.jpg 768w, https:\/\/sv-armbrecht.de\/wp-content\/uploads\/2018\/11\/IMG_7022-1024x683.jpg 1024w\" sizes=\"(max-width: 300px) 100vw, 300px\" \/><\/a> <a href=\"https:\/\/sv-armbrecht.de\/wp-content\/uploads\/2018\/11\/IMG_7023.jpg\"><img decoding=\"async\" loading=\"lazy\" class=\"size-medium wp-image-159 aligncenter\" src=\"https:\/\/sv-armbrecht.de\/wp-content\/uploads\/2018\/11\/IMG_7023-300x200.jpg\" alt=\"\" width=\"300\" height=\"200\" srcset=\"https:\/\/sv-armbrecht.de\/wp-content\/uploads\/2018\/11\/IMG_7023-300x200.jpg 300w, https:\/\/sv-armbrecht.de\/wp-content\/uploads\/2018\/11\/IMG_7023-768x512.jpg 768w, https:\/\/sv-armbrecht.de\/wp-content\/uploads\/2018\/11\/IMG_7023-1024x683.jpg 1024w\" sizes=\"(max-width: 300px) 100vw, 300px\" \/><\/a> Gesch\u00e4ftsf\u00fchrer &amp; Inhaber J\u00f6rg Armbrecht<\/h6>\n<h3><b>Unternehmensprofil<\/b><\/h3>\n<p>Das Sachverst\u00e4ndigenb\u00fcro f\u00fcr Kraftfahrzeugwesen J\u00f6rg Armbrecht ist ein unabh\u00e4ngiges und \u00fcberregional t\u00e4tiges Dienstleistungsunternehmen mit den Schwerpunkten:<\/p>\n<h4>Beratung, Bewertung, Erstellung von Gutachten, Pr\u00fcfungen<\/h4>\n<p>Dabei greift der Gesch\u00e4ftsf\u00fchrer und Inhaber Herr Armbrecht auf eigene Erfahrungen und Engagement seit 1978 zur\u00fcck. Eine fundierte Ausbildung zum Meister im Kfz.-Handwerk mit Abschlu\u00df 1991 und der Ausbildung zum Kfz.-Sachverst\u00e4ndigen, gehen mit langj\u00e4hriger praktischer Erfahrung einher. Herr Armbrecht war vor seiner T\u00e4tigkeit als freier Sachverst\u00e4ndiger Kfz. Meister eines mittelst\u00e4ndigen Unternehmens.<\/p>\n<h4>Wir erstellen Gutachten in den Bereichen:<\/h4>\n<ul>\n<li>KfZ-Haftpflichtsch\u00e4den<\/li>\n<li>KfZ-Kaskosch\u00e4den<\/li>\n<li>KfZ-Bewertung<\/li>\n<li>Allgemeine Haftpflichtsch\u00e4den<\/li>\n<li>Kostenvoranschl\u00e4ge<\/li>\n<li>Wertgutachten<\/li>\n<li>Beweissicherungsgutachten<\/li>\n<\/ul>\n<h4>Wir k\u00f6nnen f\u00fcr Sie auch durchf\u00fchren:<\/h4>\n<ul>\n<li>KfZ-technische Beratung<\/li>\n<li>Beratung beim Autokauf<\/li>\n<li>Beratung in Fragen zum Fahrzeug<\/li>\n<\/ul>\n","protected":false},"excerpt":{"rendered":"<p>Gesch\u00e4ftsf\u00fchrer &amp; Inhaber J\u00f6rg Armbrecht Unternehmensprofil Das Sachverst\u00e4ndigenb\u00fcro f\u00fcr Kraftfahrzeugwesen J\u00f6rg Armbrecht ist ein unabh\u00e4ngiges und \u00fcberregional t\u00e4tiges Dienstleistungsunternehmen mit den Schwerpunkten: Beratung, Bewertung, Erstellung von Gutachten, Pr\u00fcfungen Dabei greift der Gesch\u00e4ftsf\u00fchrer und Inhaber Herr Armbrecht auf eigene Erfahrungen und Engagement seit 1978 zur\u00fcck. Eine fundierte Ausbildung zum Meister im Kfz.-Handwerk mit Abschlu\u00df 1991 und &hellip; <\/p>\n<p><a class=\"more-link btn\" href=\"https:\/\/sv-armbrecht.de\/?page_id=13\">Weiterlesen<\/a><\/p>\n","protected":false},"author":1,"featured_media":0,"parent":0,"menu_order":0,"comment_status":"closed","ping_status":"closed","template":"","meta":[],"_links":{"self":[{"href":"https:\/\/sv-armbrecht.de\/index.php?rest_route=\/wp\/v2\/pages\/13"}],"collection":[{"href":"https:\/\/sv-armbrecht.de\/index.php?rest_route=\/wp\/v2\/pages"}],"about":[{"href":"https:\/\/sv-armbrecht.de\/index.php?rest_route=\/wp\/v2\/types\/page"}],"author":[{"embeddable":true,"href":"https:\/\/sv-armbrecht.de\/index.php?rest_route=\/wp\/v2\/users\/1"}],"replies":[{"embeddable":true,"href":"https:\/\/sv-armbrecht.de\/index.php?rest_route=%2Fwp%2Fv2%2Fcomments&post=13"}],"version-history":[{"count":3,"href":"https:\/\/sv-armbrecht.de\/index.php?rest_route=\/wp\/v2\/pages\/13\/revisions"}],"predecessor-version":[{"id":163,"href":"https:\/\/sv-armbrecht.de\/index.php?rest_route=\/wp\/v2\/pages\/13\/revisions\/163"}],"wp:attachment":[{"href":"https:\/\/sv-armbrecht.de\/index.php?rest_route=%2Fwp%2Fv2%2Fmedia&parent=13"}],"curies":[{"name":"wp","href":"https:\/\/api.w.org\/{rel}","templated":true}]}}

Über uns

<h6 style="text-align: center;"><a href="https://sv-armbrecht.de/wp-content/uploads/2018/11/IMG_7009.jpg"><img decoding="async" loading="lazy" class="size-medium wp-image-157 alignnone" src="https://sv-armbrecht.de/wp-content/uploads/2018/11/IMG_7009-300x200.jpg" alt="" width="300" height="200" srcset="https://sv-armbrecht.de/wp-content/uploads/2018/11/IMG_7009-300x200.jpg 300w, https://sv-armbrecht.de/wp-content/uploads/2018/11/IMG_7009-768x512.jpg 768w, https://sv-armbrecht.de/wp-content/uploads/2018/11/IMG_7009-1024x683.jpg 1024w" sizes="(max-width: 300px) 100vw, 300px" /></a><a href="https://sv-armbrecht.de/wp-content/uploads/2018/11/IMG_7022.jpg"><img decoding="async" loading="lazy" class="alignnone size-medium wp-image-158" src="https://sv-armbrecht.de/wp-content/uploads/2018/11/IMG_7022-300x200.jpg" alt="" width="300" height="200" srcset="https://sv-armbrecht.de/wp-content/uploads/2018/11/IMG_7022-300x200.jpg 300w, https://sv-armbrecht.de/wp-content/uploads/2018/11/IMG_7022-768x512.jpg 768w, https://sv-armbrecht.de/wp-content/uploads/2018/11/IMG_7022-1024x683.jpg 1024w" sizes="(max-width: 300px) 100vw, 300px" /></a> <a href="https://sv-armbrecht.de/wp-content/uploads/2018/11/IMG_7023.jpg"><img decoding="async" loading="lazy" class="size-medium wp-image-159 aligncenter" src="https://sv-armbrecht.de/wp-content/uploads/2018/11/IMG_7023-300x200.jpg" alt="" width="300" height="200" srcset="https://sv-armbrecht.de/wp-content/uploads/2018/11/IMG_7023-300x200.jpg 300w, https://sv-armbrecht.de/wp-content/uploads/2018/11/IMG_7023-768x512.jpg 768w, https://sv-armbrecht.de/wp-content/uploads/2018/11/IMG_7023-1024x683.jpg 1024w" sizes="(max-width: 300px) 100vw, 300px" /></a> Geschäftsführer &amp; Inhaber Jörg Armbrecht</h6>
<h3><b>Unternehmensprofil</b></h3>
<p>Das Sachverständigenbüro für Kraftfahrzeugwesen Jörg Armbrecht ist ein unabhängiges und überregional tätiges Dienstleistungsunternehmen mit den Schwerpunkten:</p>
<h4>Beratung, Bewertung, Erstellung von Gutachten, Prüfungen</h4>
<p>Dabei greift der Geschäftsführer und Inhaber Herr Armbrecht auf eigene Erfahrungen und Engagement seit 1978 zurück. Eine fundierte Ausbildung zum Meister im Kfz.-Handwerk mit Abschluß 1991 und der Ausbildung zum Kfz.-Sachverständigen, gehen mit langjähriger praktischer Erfahrung einher. Herr Armbrecht war vor seiner Tätigkeit als freier Sachverständiger Kfz. Meister eines mittelständigen Unternehmens.</p>
<h4>Wir erstellen Gutachten in den Bereichen:</h4>
<ul>
<li>KfZ-Haftpflichtschäden</li>
<li>KfZ-Kaskoschäden</li>
<li>KfZ-Bewertung</li>
<li>Allgemeine Haftpflichtschäden</li>
<li>Kostenvoranschläge</li>
<li>Wertgutachten</li>
<li>Beweissicherungsgutachten</li>
</ul>
<h4>Wir können für Sie auch durchführen:</h4>
<ul>
<li>KfZ-technische Beratung</li>
<li>Beratung beim Autokauf</li>
<li>Beratung in Fragen zum Fahrzeug</li>
</ul>

<p>Geschäftsführer &amp; Inhaber Jörg Armbrecht Unternehmensprofil Das Sachverständigenbüro für Kraftfahrzeugwesen Jörg Armbrecht ist ein unabhängiges und überregional tätiges Dienstleistungsunternehmen mit den Schwerpunkten: Beratung, Bewertung, Erstellung von Gutachten, Prüfungen Dabei greift der Geschäftsführer und Inhaber Herr Armbrecht auf eigene Erfahrungen und Engagement seit 1978 zurück. Eine fundierte Ausbildung zum Meister im Kfz.-Handwerk mit Abschluß 1991 und &hellip; </p>
<p><a class="more-link btn" href="https://sv-armbrecht.de/?page_id=13">Weiterlesen</a></p>
