{"id":9,"date":"2018-10-01T21:13:33","date_gmt":"2018-10-01T21:13:33","guid":{"rendered":"http:\/\/armbrecht.xn--sv-ltgenrode-glb.de\/?page_id=9"},"modified":"2018-10-01T21:13:33","modified_gmt":"2018-10-01T21:13:33","slug":"impressum","status":"publish","type":"page","link":"https:\/\/sv-armbrecht.de\/?page_id=9","title":{"rendered":"Impressum"},"content":{"rendered":"<h1>Impressum<\/h1>\n<p><b>Sachverst\u00e4ndigenb\u00fcro f\u00fcr Kraftfahrzeugwesen<br \/>\nJ\u00f6rg Armbrecht<br \/>\n<\/b>G\u00f6ttinger Str. 14<br \/>\n37154 Northeim<\/p>\n<p><b>Tel: <\/b>+49 (0)5551 &#8211; 4055<br \/>\n<b>Fax: <\/b>+49 (0)5551 &#8211; 4211<br \/>\n<strong>Mobil:<\/strong>\u00a0+49 (0)172 &#8211; 3960962<br \/>\n<b>E-Mail:<\/b> <a href=\"mailto:info@sv-armbrecht.de\" target=\"_blank\" rel=\"noopener\">info@sv-armbrecht.de<\/a><\/p>\n<h5><a name=\"0000019b1307ce805\"><\/a>Umsatzsteuer-Identifikationsnummer\u00a0\u00a0\u00a0\u00a0 35\/101\/01636<\/h5>\n<p><b>Vervielf\u00e4ltigung<\/b><\/p>\n<p>Jegliche Vervielf\u00e4ltigung der auf diesen Seiten zur Verf\u00fcgung gestellten Texten\/Grafiken und des Aufbaus bedarf der ausdr\u00fccklichen Erlaubnis des Autors in Schriftform. Das Urheberrecht des Autors bleibt unber\u00fchrt. Das Nutzungsrecht liegt bei dem Herausgeber und darf ohne schriftliche Genehmigung nicht an Dritte weitergegeben werde. Ebenfalls untersagt ist jegliche Vervielf\u00e4ltigung auf andere elektronische und nicht-elektronische Medien. Alle Texte ohne Autorenangabe unterliegen dem Urheberrecht des Herausgebers.<\/p>\n<p><b>Haftungsausschluss<\/b><\/p>\n<p>Die Benutzung dieser Seite erfolgt auf eigene Gefahr. Wir \u00fcbernehme keine Haftung f\u00fcr Sch\u00e4den die aufgrund der Anwendung der in diesem Angebot genannten Informationen entstehen, wenn keine grobe Fahrl\u00e4ssigkeit von meiner Seite vorliegt. Trotz sorgf\u00e4ltiger Pr\u00fcfung k\u00f6nnen wir keine Haftung f\u00fcr die Inhalte externer Links \u00fcbernehmen. F\u00fcr den Inhalt diese Seiten sind ausschlie\u00dflich deren Betreiber verantwortlich.<\/p>\n<p>Jedes Website-Design, jeder Text, alle Grafiken, jedes Layout davon und jede Software Copyright \u00a9 2018 sv-armbrecht.de<br \/>\nALLE RECHTE VORBEHALTEN. Jede Verwendung der auf dieser Website verf\u00fcgbaren Materialien bzw. Informationen &#8211; inklusive der Reproduktion(auch des Ausdrucks auf Papier), des Weitervertriebs, der Ver\u00e4nderung und der Ver\u00f6ffentlichung ist untersagt, es sei denn, der Verantwortliche des Sachverst\u00e4ndigenb\u00fcro f\u00fcr Kraftfahrzeugwesen J\u00f6rg Armbrecht hat dem vorher schriftlich zugestimmt.<\/p>\n<h6>Bildernachweis: pixabay.com<\/h6>\n","protected":false},"excerpt":{"rendered":"<p>Impressum Sachverst\u00e4ndigenb\u00fcro f\u00fcr Kraftfahrzeugwesen J\u00f6rg Armbrecht G\u00f6ttinger Str. 14 37154 Northeim Tel: +49 (0)5551 &#8211; 4055 Fax: +49 (0)5551 &#8211; 4211 Mobil:\u00a0+49 (0)172 &#8211; 3960962 E-Mail: info@sv-armbrecht.de Umsatzsteuer-Identifikationsnummer\u00a0\u00a0\u00a0\u00a0 35\/101\/01636 Vervielf\u00e4ltigung Jegliche Vervielf\u00e4ltigung der auf diesen Seiten zur Verf\u00fcgung gestellten Texten\/Grafiken und des Aufbaus bedarf der ausdr\u00fccklichen Erlaubnis des Autors in Schriftform. Das Urheberrecht des Autors &hellip; <\/p>\n<p><a class=\"more-link btn\" href=\"https:\/\/sv-armbrecht.de\/?page_id=9\">Weiterlesen<\/a><\/p>\n","protected":false},"author":1,"featured_media":0,"parent":0,"menu_order":0,"comment_status":"closed","ping_status":"closed","template":"","meta":[],"_links":{"self":[{"href":"https:\/\/sv-armbrecht.de\/index.php?rest_route=\/wp\/v2\/pages\/9"}],"collection":[{"href":"https:\/\/sv-armbrecht.de\/index.php?rest_route=\/wp\/v2\/pages"}],"about":[{"href":"https:\/\/sv-armbrecht.de\/index.php?rest_route=\/wp\/v2\/types\/page"}],"author":[{"embeddable":true,"href":"https:\/\/sv-armbrecht.de\/index.php?rest_route=\/wp\/v2\/users\/1"}],"replies":[{"embeddable":true,"href":"https:\/\/sv-armbrecht.de\/index.php?rest_route=%2Fwp%2Fv2%2Fcomments&post=9"}],"version-history":[{"count":0,"href":"https:\/\/sv-armbrecht.de\/index.php?rest_route=\/wp\/v2\/pages\/9\/revisions"}],"wp:attachment":[{"href":"https:\/\/sv-armbrecht.de\/index.php?rest_route=%2Fwp%2Fv2%2Fmedia&parent=9"}],"curies":[{"name":"wp","href":"https:\/\/api.w.org\/{rel}","templated":true}]}}